-6). Is 12 a factor of 1*11/(t/(-48))?
True
Suppose n - s = -4*n + 32, -26 = -4*n + s. Let f = n + 2. Is 4 a factor of f?
True
Suppose 0*h + 25 = -5*h, -h = 4*p - 3. Suppose 25 = -5*z - 120. Is 14 a factor of -1 + (p + -2 - z)?
True
Suppose 0 = -3*j + 2*j + 9. Suppose -j*n = -11*n + 114. Is n a multiple of 19?
True
Suppose -3*s = 4*q + 2, -5*s = -2*s + 6. Let x be q*(0 + 6 - 1). Suppose -l = -3*g - 2*l + 127, x*l = 3*g - 121. Is 21 a factor of g?
True
Let b = 4 + -2. Suppose 2*y - b = -5*g + 56, -34 = -2*y + g. Is y a multiple of 19?
True
Does 14 divide (13 + -12)*(1 + 118)?
False
Let v = 45 + -73. Let k(d) = -3*d**2 - 2*d - 5. Let f be k(-5). Let l = v - f. Is 21 a factor of l?
True
Let j(w) = -60*w - 1. Let f(d) = -59*d - 1. Let a(s) = 6*f(s) - 7*j(s). Is 24 a factor of a(1)?
False
Let h be 15/(-9) + (-2)/(-3). Let g(f) = -f**3 + 2*f**2 + f. Let r be g(h). Is (2 - 3) + 14/r a multiple of 5?
False
Let x = 13 + -27. Let r(i) = -i - 2. Is 6 a factor of r(x)?
True
Suppose -2*s = -s - 10. Suppose 3*i = -2*x + 18, -4*i - 2*x + 23 = x. Suppose -2*d + i + s = a, 2*d = 2. Is 16 a factor of a?
True
Suppose 0 = 4*t + 5 + 3. Let q be t/(-9) + (-4)/18. Suppose -6*k + 2*k + 120 = q. Is k a multiple of 14?
False
Is 10 a factor of ((-1)/(-3) - (-70)/6)/1?
False
Let d = -10 - -23. Is d a multiple of 3?
False
Suppose -3*w + 4*w = -6. Let v(t) = -t - 42. Let h be v(0). Is 3 a factor of ((-2)/w)/((-2)/h)?
False
Suppose m - 112 = -3*m - 4*i, 2*m - i = 59. Suppose n + 0*n = m. Does 11 divide n?
False
Let w = 37 + -24. Is w even?
False
Suppose 0 = -3*r + r + 10. Is 2 a factor of r?
False
Is (102/(-1) + -4 + 0)*-2 a multiple of 10?
False
Let r(n) be the second derivative of n**4/12 + 5*n**3/6 + n**2 + n. Let l be r(-4). Does 13 divide -2*(-1)/l - -29?
False
Let f(s) = 8*s**2 + s + 1. Let l be f(-1). Let m = -6 + l. Suppose -2*t - j = -t + m, -2*t = 3*j + 9. Is t even?
False
Suppose 3*h - 28 = 2. Let u be (-34)/(-10) + (-4)/h. Suppose 0 = -3*w + 3*p + 51, u*w + 4*p = 5*w - 38. Is w a multiple of 15?
True
Suppose 5*s - 545 = 3*q, -3*s - 4*q + 460 = 162. Let l = 149 - s. Is 11 a factor of l?
False
Suppose -269 = d - 5*k, -3*d + d = 2*k + 514. Let m = d + 391. Suppose 2*b - m = -2*b. Is 15 a factor of b?
False
Suppose 0*v - 394 = 4*x - 2*v, 121 = -x + 5*v. Does 7 divide (x/10)/(6/(-20))?
False
Suppose -b - 2*t - 3*t = -30, 0 = -2*t. Suppose -b = -0*p - 2*p. Does 4 divide p?
False
Let b = 67 - 35. Does 16 divide b?
True
Let c = 201 + -82. Suppose 11 = -4*b + c. Does 11 divide b?
False
Let y = 813 - 525. Does 36 divide y?
True
Suppose t + 212 = 5*t. Does 7 divide t?
False
Suppose 4*g = 2*g + 120. Does 11 divide g?
False
Suppose 0 = 3*n + 9, -f = 5*n - 2*n - 47. Is 8 a factor of f?
True
Let q = 14 + -26. Let p = q - -21. Is p a multiple of 9?
True
Let m be (-3)/4 - 74/8. Let z be (-4)/(-5)*m/(-2). Suppose h + 105 = 5*j + 3*h, z*h = 0. Does 6 divide j?
False
Suppose -3*j = -6 - 9. Suppose -100 = j*k - 10*k. Does 10 divide k?
True
Suppose 4*b - 2*k = 28 + 16, 2*k - 28 = -4*b. Is 7 a factor of 2/3 - (-84)/b?
False
Let b(v) = v**2 - 3*v - 6. Suppose 0 = 2*w - 8. Suppose 3*z - w*j - 26 = 0, -2*j + 2 = z - 0. Is b(z) a multiple of 6?
True
Let v(i) = i**3 + 4*i**2 - 3*i - 8. Is 4 a factor of v(-4)?
True
Is 6*(-2)/3 - (7 + -69) a multiple of 29?
True
Let a(n) = -n**3 - 12*n**2 - 10*n + 9. Let p be a(-11). Let g be (p - (-15)/9)*-177. Suppose -g - 25 = -3*r. Is 12 a factor of r?
False
Let a(f) = -4*f. Let j = -7 - -6. Let t be a(j). Does 9 divide 2 + t + (-3)/(-1)?
True
Suppose -w = 3*w - 4, 5*w = -m + 33. Is 7 a factor of m?
True
Let f(k) = 2*k**2 + 11*k + 8. Let s(z) = -6*z**2 - 32*z - 23. Let a(w) = -17*f(w) - 6*s(w). Is a(-3) a multiple of 4?
False
Suppose -146 = -4*s - 3*c, 4*c = 4*s - c - 130. Let m = -5 + s. Suppose 2*p - m = -0*p. Is 9 a factor of p?
False
Suppose 7*c = 4*c + 69. Let x = c + -14. Does 9 divide x?
True
Suppose -3*k - o + 207 = -0*o, -2*k - 4*o + 148 = 0. Is 19 a factor of k?
False
Let b be (-4)/10 - 4/(-10). Suppose -18 = -4*n - 3*l, -2*n - 2*l + 8 + 2 = 0. Suppose f - n = -b. Is f a multiple of 2?
False
Let v(b) = b**3 + 4*b**2 - 5*b + 4. Let w(u) = u + 5. Let m be w(-6). Let l be (-2 + 7)*(-2 - m). Does 4 divide v(l)?
True
Let k(m) = m**2 - m + 3. Let q be k(4). Suppose 5*b - 45 - q = 0. Is b a multiple of 11?
False
Is 12 a factor of (855/(-5))/(3/(-4))?
True
Let m(y) be the first derivative of -2*y**3/3 + 2*y**2 + 2*y + 1. Let j be m(4). Let q = 0 - j. Is q a multiple of 5?
False
Suppose 3*j = -b - 50, -b + 4*j = 26 - 11. Let s be (-605)/b - 4/14. Let g = 24 - s. Does 7 divide g?
True
Let d be -2 - (6*-2)/1. Let q be ((-24)/20)/((-4)/d). Suppose 20 + 58 = 4*i - 2*z, q*i - 3*z = 51. Does 11 divide i?
True
Does 8 divide 262/4 + -7*6/(-84)?
False
Suppose 2*h + 6 = 0, -8*t + 33 = -3*t - h. Let s(k) = -k**3 + 8*k**2 - 10*k + 14. Is 14 a factor of s(t)?
False
Suppose 5*y - 4*f + 10 = 0, 0 = 5*y - f - 4 - 1. Suppose -4*h - y*m = -90, 3*m = -4*h - 2*m + 105. Does 5 divide h?
True
Let r = 23 - -4. Is 9 a factor of r?
True
Is 7 a factor of -28*(-2 + 6/4)?
True
Let z(i) = i**3 - 15*i**2 + 16*i - 3. Is z(14) a multiple of 16?
False
Let n = 144 - 86. Does 13 divide n?
False
Let v = -1 + 6. Let n = 17 - v. Is n a multiple of 12?
True
Suppose 0 = x - 2*a + 9 + 13, -5*x + a = 101. Let j be (-1 - 3)*(-125)/x. Let c = 18 - j. Does 11 divide c?
False
Let i(c) = -c**2 + 2*c. Let y be i(4). Is 9/(4 - (-30)/y) a multiple of 10?
False
Suppose 4*v + 158 = 734. Is v a multiple of 18?
True
Let u(n) = -n - 4. Let t be u(-4). Let o = 7 + -5. Suppose 15 = 3*m, -o*b + 5*m - 6*m + 53 = t. Is b a multiple of 12?
True
Suppose -3*t + 420 = t - 3*x, 5*x = 0. Does 15 divide t?
True
Suppose 3 = -3*p + 12. Is (p/9)/(2/18) a multiple of 3?
True
Let s(n) = 61*n - 1. Let j(b) = 30*b. Let k(l) = -5*j(l) + 3*s(l). Is k(2) a multiple of 22?
False
Suppose 3*x - 37 = -2*t, -6*t + 78 = -3*t - 3*x. Is t a multiple of 9?
False
Let v = 43 + -67. Let k be 88/3*9/6. Let a = k + v. Is 20 a factor of a?
True
Let a = 1 - 7. Suppose -5*f - x = 201 - 68, -5*x + 10 = 0. Is 6 a factor of f/a*16/6?
True
Let y(q) be the third derivative of 11*q**4/24 + q**3/6 - q**2. Let z = 24 - 21. Is 9 a factor of y(z)?
False
Let i(w) = -4*w**3 + 3*w**2 + 2*w + 2. Let y be i(-3). Suppose y + 34 = 5*v. Is v a multiple of 11?
True
Suppose -i = 2*m - 0*m - 4, -19 = -5*m + 2*i. Suppose -m*j = 2*z - 17, 0 = -2*j - 4*z - 0*z + 14. Is 3 a factor of j?
False
Let s(v) be the third derivative of -v**4/8 - v**3/2 + 8*v**2. Is s(-4) a multiple of 9?
True
Let s(x) = 7*x**3 - x + 1. Let k(p) = -2*p - 10. Let f be k(-7). Suppose -2*y + f = 2. Is s(y) a multiple of 7?
True
Let x be (-3)/15 - (-42)/10. Let o(r) = -r + 8. Is 4 a factor of o(x)?
True
Let l(j) = -22 + 3*j**2 + 17 + 3*j**2 - j - 5*j**2. Does 17 divide l(8)?
True
Let y(k) be the second derivative of 8*k**3/3 + 3*k**2/2 + 2*k. Is 13 a factor of y(3)?
False
Suppose -16*w + 0*w = -2816. Is 44 a factor of w?
True
Suppose -13*c = -19*c + 360. Is c a multiple of 9?
False
Let g = 11 + -6. Suppose -g*a + 9 + 16 = 0. Let k = a - 2. Does 2 divide k?
False
Let b(v) = v**2 - 3*v + 3. Is 18 a factor of b(-7)?
False
Let a = -39 - -75. Does 9 divide a?
True
Suppose -2*f = -7*f + 75. Is f a multiple of 5?
True
Suppose o + 11*a = 9*a + 50, 0 = -5*o + 4*a + 208. Does 13 divide o?
False
Suppose -5*s + 10 - 25 = 0. Let l be s/(5/4 - 2). Suppose 18 + l = k. Is 11 a factor of k?
True
Let m(w) = -w + 9. Let t be m(7). Suppose -2*u = 5*r - 58, -t*u = 4*r - 25 - 21. Is r a multiple of 12?
True
Suppose 2*z = 6*z - 48. Is z a multiple of 6?
True
Suppose 0*r = -r + 219. Suppose -r + 51 = -4*c. Suppose 2*g - 4*g = -c. Is 20 a factor of g?
False
Suppose 20 = 5*c + 5. Suppose c*p = i - 46, -4*i + 2*p + 169 = 5*p. Is 15 a factor of i?
False
Suppose 0 = 2*f - 6*i + 7*i - 3, 2*f + 22 = 4*i. Let g(q) be the second derivative of -9*q**3/2 - q**2/2 - q. Does 12 divide g(f)?
False
Let s = -4 - -6. Suppose -5*d = -s*q - 50, 2*d + 1 - 2 = -3*q. Is d a multiple of 6?
False
Let z = 91 - 33. Is z a multiple of 22?
False
Suppose 2*t + 5*k - 19 = 0, k + 16 = 2*t + 5*k. Suppose -s + 24 = t*s. Does 4 divide s?
True
Let b(d) = -38*d + 40. Is b(-7) a multiple of 34?
True
Let p = 9 + -7. Suppose -p*n + 2*v = 3*n + 6, -3*n + 3*